 2701 and 37?
37
What is the greatest common factor of 470 and 190?
10
What is the greatest common divisor of 1022 and 280?
14
Calculate the highest common factor of 10122 and 168.
42
Calculate the greatest common factor of 256 and 192.
64
Calculate the highest common factor of 72 and 3096.
72
What is the greatest common factor of 208 and 21632?
208
What is the greatest common factor of 315 and 126?
63
Calculate the highest common factor of 777 and 21.
21
Calculate the highest common factor of 60 and 60.
60
Calculate the greatest common divisor of 2040 and 180.
60
What is the greatest common factor of 12 and 564?
12
Calculate the highest common factor of 1962 and 12.
6
What is the greatest common factor of 297 and 1056?
33
What is the highest common divisor of 2368 and 160?
32
Calculate the greatest common factor of 1760 and 198.
22
Calculate the highest common divisor of 57 and 76.
19
What is the highest common factor of 135 and 525?
15
What is the greatest common factor of 390 and 6045?
195
Calculate the highest common divisor of 585 and 25.
5
Calculate the greatest common divisor of 3 and 699.
3
What is the highest common divisor of 296 and 3700?
148
What is the highest common divisor of 10053 and 9?
9
What is the greatest common factor of 990 and 10?
10
Calculate the highest common factor of 51 and 221.
17
Calculate the highest common divisor of 105 and 245.
35
Calculate the highest common divisor of 190 and 532.
38
Calculate the highest common divisor of 915 and 15.
15
Calculate the greatest common divisor of 24 and 1164.
12
What is the highest common divisor of 987 and 21?
21
Calculate the highest common factor of 1170 and 520.
130
What is the greatest common divisor of 1848 and 72?
24
What is the highest common divisor of 1462 and 172?
86
What is the highest common factor of 993 and 3?
3
Calculate the greatest common divisor of 406 and 14.
14
What is the highest common divisor of 46 and 253?
23
What is the greatest common factor of 78 and 1209?
39
Calculate the highest common divisor of 225 and 425.
25
What is the highest common divisor of 93 and 4619?
31
Calculate the highest common divisor of 82 and 8.
2
What is the highest common divisor of 6610 and 30?
10
Calculate the highest common factor of 4290 and 420.
30
Calculate the highest common factor of 70 and 4670.
10
Calculate the highest common factor of 1200 and 32.
16
Calculate the highest common divisor of 4661 and 316.
79
What is the highest common divisor of 38642 and 278?
278
Calculate the highest common divisor of 207 and 2553.
69
What is the highest common factor of 7120 and 60?
20
Calculate the greatest common divisor of 54 and 126.
18
Calculate the greatest common divisor of 9552 and 48.
48
Calculate the greatest common factor of 65 and 221.
13
What is the highest common factor of 53 and 689?
53
Calculate the greatest common divisor of 3706 and 51.
17
What is the greatest common factor of 30 and 105?
15
What is the highest common divisor of 2 and 230?
2
What is the highest common divisor of 216 and 24?
24
Calculate the highest common divisor of 88 and 1914.
22
Calculate the highest common divisor of 120 and 400.
40
What is the greatest common divisor of 11883 and 102?
51
Calculate the highest common factor of 1842 and 12.
6
What is the greatest common divisor of 30 and 570?
30
What is the greatest common factor of 63 and 399?
21
Calculate the highest common divisor of 150 and 105.
15
Calculate the highest common factor of 39 and 247.
13
What is the greatest common divisor of 1128 and 24?
24
What is the greatest common factor of 2231 and 115?
23
What is the greatest common divisor of 1449 and 4991?
161
What is the highest common factor of 140 and 220?
20
Calculate the greatest common factor of 117 and 936.
117
What is the greatest common factor of 16 and 1352?
8
Calculate the greatest common divisor of 30 and 7530.
30
What is the highest common factor of 7296 and 240?
48
What is the greatest common divisor of 11 and 11363?
11
What is the greatest common factor of 126 and 1540?
14
Calculate the greatest common factor of 37973 and 13.
13
Calculate the greatest common divisor of 244 and 16.
4
What is the highest common factor of 15 and 38070?
15
Calculate the greatest common divisor of 224 and 32.
32
What is the highest common factor of 1804 and 41?
41
What is the greatest common factor of 3420 and 60?
60
What is the greatest common factor of 315 and 35?
35
Calculate the greatest common factor of 30 and 2340.
30
Calculate the highest common factor of 364 and 455.
91
Calculate the greatest common divisor of 28 and 119.
7
What is the highest common divisor of 1769 and 122?
61
What is the highest common divisor of 3545 and 5?
5
Calculate the greatest common factor of 69 and 92.
23
What is the greatest common divisor of 24 and 64?
8
Calculate the greatest common factor of 10 and 46250.
10
Calculate the greatest common factor of 21 and 1127.
7
What is the highest common factor of 1430 and 220?
110
Calculate the highest common factor of 218 and 1744.
218
What is the greatest common factor of 3 and 381?
3
What is the greatest common divisor of 37768 and 8?
8
Calculate the highest common divisor of 15 and 120.
15
What is the highest common divisor of 171 and 9?
9
Calculate the greatest common factor of 22436 and 79.
79
What is the highest common divisor of 12321 and 333?
333
What is the highest common divisor of 17 and 81056?
17
What is the highest common divisor of 198 and 9834?
66
What is the highest common factor of 240 and 210?
30
Calculate the highest common factor of 512 and 96.
32
What is the greatest common factor of 480 and 2208?
96
What is the greatest common factor of 48 and 192?
48
What is the greatest common divisor of 11 and 143?
11
What is the highest common divisor of 10 and 80?
10
What is the highest common factor of 572 and 65?
13
Calculate the highest common factor of 30 and 5430.
30
What is the greatest common divisor of 198 and 132?
66
Calculate the highest common factor of 54 and 27.
27
What is the highest common divisor of 3504 and 1776?
48
Calculate the greatest common factor of 430 and 170.
10
Calculate the highest common divisor of 94 and 517.
47
What is the greatest common divisor of 14820 and 75?
15
What is the highest common factor of 80 and 16600?
40
Calculate the greatest common factor of 5698 and 70.
14
What is the greatest common factor of 5 and 295?
5
What is the greatest common divisor of 973 and 834?
139
What is the greatest common divisor of 15085 and 105?
35
Calculate the highest common divisor of 1098 and 6466.
122
What is the highest common factor of 16272 and 36?
36
Calculate the greatest common factor of 1022 and 77.
7
Calculate the greatest common divisor of 26 and 13.
13
What is the greatest common factor of 40 and 27500?
20
What is the greatest common factor of 64 and 144?
16
Calculate the highest common factor of 861 and 147.
21
Calculate the greatest common factor of 91 and 260.
13
What is the highest common factor of 10 and 37190?
10
Calculate the greatest common factor of 2981 and 44.
11
Calculate the highest common divisor of 2 and 49.
1
Calculate the greatest common factor of 520 and 40.
40
What is the greatest common divisor of 6 and 14307?
3
Calculate the highest common divisor of 201 and 3.
3
What is the highest common divisor of 3961 and 51?
17
What is the highest common factor of 8 and 2?
2
What is the greatest common divisor of 330 and 110?
110
Calculate the highest common divisor of 32 and 112.
16
Calculate the greatest common divisor of 3 and 28.
1
What is the greatest common divisor of 2368 and 222?
74
Calculate the highest common factor of 31 and 837.
31
Calculate the highest common divisor of 43 and 473.
43
Calculate the highest common divisor of 2664 and 37.
37
What is the highest common divisor of 300 and 465?
15
What is the highest common divisor of 957 and 18?
3
Calculate the highest common divisor of 9 and 14.
1
What is the greatest common factor of 80 and 420?
20
What is the greatest common divisor of 1015 and 35?
35
Calculate the highest common factor of 39 and 4381.
13
Calculate the highest common factor of 78 and 728.
26
What is the greatest common factor of 57 and 16131?
57
Calculate the greatest common divisor